or of 13357886 and 340.
34
Calculate the greatest common factor of 49 and 33957931.
49
Calculate the highest common divisor of 28646952 and 12608.
1576
Calculate the highest common divisor of 747395 and 23005.
535
What is the highest common divisor of 318473640 and 27?
27
What is the greatest common factor of 455252 and 13419?
497
Calculate the highest common divisor of 31952202 and 246.
246
What is the highest common divisor of 2299 and 171545?
11
What is the greatest common factor of 11 and 15303332?
11
Calculate the highest common factor of 22474000 and 30.
10
What is the highest common factor of 39933 and 513213?
1479
What is the greatest common factor of 1290 and 118326970?
430
What is the highest common factor of 31 and 2984109383?
31
Calculate the greatest common factor of 2607206 and 16.
2
Calculate the greatest common factor of 10353173 and 226.
113
Calculate the greatest common factor of 55360908 and 30780.
6156
Calculate the highest common factor of 906091357 and 4423.
4423
What is the greatest common divisor of 119186 and 125994?
46
What is the highest common factor of 46478 and 47661822?
2734
What is the greatest common factor of 636528 and 12994?
178
Calculate the highest common divisor of 50089 and 45993261.
3853
Calculate the greatest common divisor of 6099 and 119412.
321
What is the greatest common factor of 520 and 958564?
4
What is the greatest common factor of 174 and 258977018?
58
What is the highest common factor of 1772939 and 1957?
103
Calculate the highest common divisor of 26845661 and 1077.
359
Calculate the highest common factor of 7806071 and 65.
13
What is the highest common factor of 5 and 45872565?
5
What is the greatest common factor of 10 and 117136990?
10
Calculate the greatest common factor of 75008 and 319370.
586
What is the highest common factor of 4041 and 2952?
9
Calculate the highest common divisor of 1525 and 2525225.
25
What is the highest common factor of 4386 and 140739?
129
What is the greatest common divisor of 1686774 and 209967?
1173
Calculate the highest common divisor of 285882 and 1435558.
3074
Calculate the highest common divisor of 105479 and 1307449.
2453
Calculate the greatest common divisor of 1422 and 20154006.
1422
Calculate the highest common divisor of 663110 and 2450.
70
Calculate the greatest common divisor of 820283241 and 29.
29
What is the highest common factor of 2462 and 690043205?
1231
What is the highest common divisor of 39547272 and 3096?
1032
Calculate the highest common factor of 45184824 and 48.
24
What is the highest common divisor of 4053 and 7056?
21
Calculate the highest common factor of 31500 and 3546.
18
Calculate the highest common factor of 30 and 34801710.
30
What is the greatest common divisor of 28925 and 1031875?
325
Calculate the greatest common factor of 38 and 473014614.
38
Calculate the greatest common divisor of 15092 and 220748.
44
Calculate the highest common divisor of 20610345 and 53865.
1995
Calculate the highest common divisor of 37434329 and 2874.
479
Calculate the greatest common factor of 98 and 176453298.
14
What is the highest common divisor of 14427744 and 55896?
3288
What is the greatest common divisor of 16 and 28084376?
8
What is the highest common factor of 64996551 and 345?
69
Calculate the highest common divisor of 244 and 80459.
61
What is the highest common factor of 1346226 and 96558?
798
What is the highest common factor of 128492 and 569644572?
9884
Calculate the greatest common divisor of 41237581 and 77.
77
Calculate the highest common factor of 714 and 12663336.
42
What is the greatest common divisor of 175522 and 1004834?
1178
What is the greatest common factor of 2140 and 2836?
4
Calculate the greatest common factor of 16 and 1304168.
8
Calculate the highest common divisor of 10457165 and 1855.
265
What is the highest common divisor of 318383808 and 464?
464
What is the greatest common divisor of 15 and 24219180?
15
What is the greatest common divisor of 342241120 and 7215?
2405
What is the greatest common divisor of 1232 and 151261?
11
Calculate the greatest common divisor of 62244 and 4693.
247
What is the highest common divisor of 161874 and 447304?
782
What is the greatest common factor of 2237320 and 105920?
40
What is the greatest common divisor of 3822300 and 23838?
822
Calculate the greatest common factor of 188802 and 127085958.
11106
Calculate the greatest common factor of 18989074 and 104.
26
What is the highest common factor of 9474000 and 8400?
1200
Calculate the greatest common factor of 7016884 and 1300840.
7652
What is the greatest common divisor of 33 and 3588893?
11
What is the greatest common factor of 3916 and 607772?
44
Calculate the highest common factor of 5509790 and 107884.
7706
Calculate the highest common factor of 11 and 2496935914.
11
What is the greatest common factor of 845 and 68614?
169
What is the greatest common factor of 407 and 291819000?
407
Calculate the highest common divisor of 1 and 1257769.
1
Calculate the greatest common factor of 29509 and 16382627.
1283
Calculate the highest common factor of 13775 and 35549.
19
What is the greatest common factor of 8688 and 988212?
12
What is the highest common factor of 1068 and 1223966804?
356
Calculate the greatest common divisor of 85489829 and 13129.
691
What is the highest common factor of 45416928 and 51?
51
What is the highest common divisor of 2430 and 53810?
10
Calculate the highest common factor of 31 and 6480644.
1
Calculate the greatest common divisor of 692143 and 2420398.
841
What is the greatest common factor of 80 and 81098256?
16
Calculate the highest common divisor of 3057 and 6932257.
1019
What is the highest common factor of 62941 and 20679?
113
What is the highest common divisor of 17031 and 80306031?
2433
Calculate the highest common divisor of 28 and 8780366.
14
What is the highest common factor of 72025 and 4107575?
1075
What is the highest common divisor of 535725 and 5025?
75
Calculate the greatest common divisor of 5633628 and 301098.
2814
What is the highest common divisor of 100 and 3357700?
100
What is the greatest common factor of 4792302 and 72?
18
Calculate the highest common factor of 3910 and 1844738.
782
What is the greatest common divisor of 2194206 and 59073?
21
Calculate the greatest common factor of 4998 and 3166086.
294
Calculate the greatest common divisor of 21322420 and 5202.
578
What is the greatest common factor of 30360 and 9808580?
460
What is the greatest common divisor of 312 and 465413?
13
What is the greatest common divisor of 183 and 1672767925?
61
Calculate the greatest common factor of 570 and 3711194.
38
Calculate the highest common factor of 10093 and 4793.
1
What is the highest common factor of 619 and 26056186?
619
Calculate the greatest common factor of 264 and 30707412.
12
What is the highest common factor of 22064 and 402179440?
3152
Calculate the greatest common divisor of 11504 and 409232.
16
What is the greatest common factor of 55 and 346510?
5
Calculate the greatest common factor of 221828971 and 17017.
1547
What is the greatest common factor of 2868 and 996152?
956
What is the highest common factor of 6152400 and 720?
720
Calculate the greatest common factor of 234 and 1159808481.
117
Calculate the greatest common factor of 4079100 and 200.
100
What is the highest common factor of 3509416 and 319712?
824
Calculate the greatest common factor of 865478 and 3821992.
1286
Calculate the highest common divisor of 660749054 and 266.
266
What is the highest common factor of 7409879 and 6956?
1739
What is the highest common divisor of 11152 and 1240524?
68
What is the highest common factor of 7086972 and 60?
12
Calculate the highest common divisor of 531008 and 121792.
64
What is the highest common divisor of 4698764 and 3731?
287
Calculate the highest common divisor of 2028 and 4841472.
12
Calculate the highest common factor of 9867008 and 10.
2
What is the greatest common factor of 7691688 and 4121?
317
Calculate the greatest common divisor of 284520 and 42360.
120
Calculate the highest common divisor of 71409294 and 594.
198
Calculate the greatest common divisor of 2420 and 10508710.
10
What is the greatest common factor of 1800 and 17727000?
600
What is the highest common facto